 5*u, 4*u = f - 63. What is the greatest common divisor of f and 30?
15
Let y = 7 + 3. Suppose -l - 4*l + y = 0. Suppose -m = -l*m + 24. What is the highest common factor of 3 and m?
3
Suppose 0 = -2*k + 4*g + 4, -g + 3*g = -4*k + 8. What is the greatest common divisor of k and 5?
1
Suppose -5*w + 56 = 3*l, -w - l + 20 = 4*l. Calculate the greatest common factor of w and 40.
10
Let y be -2 + 5 - (4 - 57). Calculate the greatest common factor of 7 and y.
7
Let s(j) = -6*j + 8. Let c be s(4). Let a = 56 + c. Calculate the highest common factor of a and 16.
8
Let o = 48 - 25. What is the greatest common factor of o and 207?
23
Let l be ((-45)/2)/(1/(-2)). Let d = 0 - -2. Suppose x = d*x - 15. Calculate the greatest common divisor of l and x.
15
Let p be (2 - (-1 + 2)) + 1. Let q be 1 + (1/1 - 0). Calculate the highest common divisor of q and p.
2
Suppose 2*i - 131 = -35. What is the greatest common divisor of 6 and i?
6
Suppose -29 = 2*n - 91. What is the greatest common factor of 248 and n?
31
Suppose -2*s = -6 - 4. Suppose s*q - 15 = 65. What is the highest common divisor of 80 and q?
16
Let v = 0 - -3. Suppose v*h - 13 = 2*n, -3*h - 3*n + 17 = -4*n. Suppose -37 - h = -4*q. What is the greatest common factor of 99 and q?
11
Let r be 1*30 - (-1 - -1). Suppose 4*g - 63 + 15 = 0. What is the highest common factor of g and r?
6
Let l = -67 + 109. Let v be 56/2*(-1 - (-7)/4). What is the greatest common factor of l and v?
21
Let y(i) = -13*i**3 - i**2 - 5*i - 5. Let o be y(-2). Calculate the highest common factor of o and 42.
21
Let c(a) = 2*a**2 - 16*a + 15. Let w be c(10). What is the greatest common divisor of 5 and w?
5
Suppose 5*j - 4*q = -q + 31, -5*j - 2*q = -46. Suppose d - j = -3. Suppose d - 17 = -2*w. What is the highest common divisor of 30 and w?
6
Let x = 2 + -3. Let h(i) = 4*i**2. Let t be h(x). Calculate the greatest common factor of 8 and t.
4
Suppose 5*t + 6*d - d = 35, -4*t + 4*d + 4 = 0. Suppose 5*x - 97 = a + 40, t*a - 73 = -3*x. Calculate the highest common divisor of x and 3.
3
Suppose 8*o - 3*o = 90. Suppose 0 = -t - 5*j + 29, -j - j = 2*t - o. Let r = -11 - -12. What is the highest common factor of t and r?
1
Let u be 4/(3 - 1) + 1. Suppose 0 = -4*m - u*q + 35, 0*m + 5*q - 21 = -2*m. What is the greatest common factor of 8 and m?
8
Suppose -61 = -7*q + 331. Calculate the highest common divisor of q and 7.
7
Let h = -4 + 4. Let q be (-4*(h - 1))/2. Calculate the greatest common factor of 10 and q.
2
Suppose 4*m - 130 = 5*l, 2*m = 5*m - 4*l - 98. Let j be (-318)/(-27) - 4*1/(-18). Calculate the greatest common factor of j and m.
6
Let l(m) = 0 + 7*m + m**2 + 0*m**2 - 8. Let x be l(-9). Let g = 11 - x. What is the highest common divisor of g and 5?
1
Let z be (2 - 7)*(-9)/15. Suppose -4*j = -j - z. Let c be (-1)/(-2)*(j - -5). Calculate the greatest common factor of c and 3.
3
Let l(r) = -19*r + 1. Let f be l(-5). Suppose 4*v = 3*y + y - f, 4 = y + 4*v. What is the highest common divisor of 80 and y?
20
Suppose 0*t = -4*t + 96. Let v = -14 + 5. Let f be (15/(-4))/(v/t). Calculate the greatest common divisor of f and 5.
5
Let c be 8/(-12)*(-15)/1. Let r(x) = -91*x - 1. Let w be r(-1). What is the highest common factor of c and w?
10
Suppose 0*r - 5*r = -105. Let b(i) = -6*i - 75. Let z be b(-13). What is the highest common factor of z and r?
3
Let w(l) be the second derivative of l**4/12 - l**3/6 - l**2/2 - 2*l. Let k be w(3). Suppose 2*z - 1 = 9. Calculate the highest common divisor of k and z.
5
Let v(n) = -n**3 + 9*n**2 + 11*n + 4. Let l be v(10). Let f = 31 - l. What is the greatest common factor of 153 and f?
17
Let h(x) = -x**3 - x - 2. Let v be h(-2). Suppose -12 = -5*u + 88. Let n be v/u + (-86)/(-10). Calculate the highest common divisor of 81 and n.
9
Let o = -198 + 210. Suppose -c + m = -1 + 3, c + 5*m = 22. Suppose c - 26 = -4*y. What is the highest common divisor of y and o?
6
Suppose 2*w = 9 + 5. Calculate the highest common factor of 7 and w.
7
Suppose 0 = -j + 2*j - 9. Let f be 21 + (-3)/(6/(-4)). Let w = 32 - f. What is the highest common divisor of j and w?
9
Let a be 1 + (-8)/(-2) + -2. Let x be -2*(-2)/4*9. Let m be x*3*7/21. What is the greatest common divisor of m and a?
3
Suppose -3*k + 14 = -k - 5*s, -2*s - 4 = 0. Let c be 3 + 1/k*0. Calculate the greatest common divisor of c and 3.
3
Let g(b) = b + 2. Let a be 2*2*(-4)/(-8). Let c be g(a). Let t = 0 + 4. What is the greatest common factor of c and t?
4
Let d be 1 + -1 + -1 + 2. Let y = d + 7. Let g be y + -1 + -1 - -2. Calculate the highest common divisor of 32 and g.
8
Let n = 3 + -7. Let q = 1 - n. What is the greatest common divisor of q and 15?
5
Let q = -5 - -53. Calculate the greatest common factor of 24 and q.
24
Let w be (-4)/4*(-73 - 0). Suppose 0 = 2*u - 10, 0*l - 4*l - 5*u + w = 0. Let s be (-1 + (-2)/6)*-9. What is the greatest common divisor of s and l?
12
Let l = 6 - 20. Let z = l + 22. Suppose -18 = 2*j - 194. Calculate the greatest common factor of z and j.
8
Suppose -21 = -3*r - 9. Suppose 10 = -2*s - 0*s, 5*s + 145 = -5*i. Let z be 4/(-6) + i/(-9). Calculate the greatest common factor of z and r.
2
Let s = 354 - 233. What is the highest common divisor of 11 and s?
11
Suppose 3*a + 0*r + 5*r - 152 = 0, 0 = 3*a + 3*r - 144. Calculate the highest common divisor of a and 220.
44
Let o be 110/4 - 1/2. Calculate the greatest common factor of 9 and o.
9
Let c be (-520)/(-44) - (-2)/(-11)*-1. What is the greatest common factor of c and 156?
12
Let i(a) = -3*a**3 + a**2 + 1. Let s be i(-2). Calculate the highest common divisor of 145 and s.
29
Suppose -7*f - 1320 = -18*f. Calculate the greatest common factor of f and 30.
30
Let s = 9 - -7. Let b = s + 2. Calculate the highest common divisor of b and 2.
2
Suppose 5*q + 140 = 5*y, 7 + 8 = -5*q. Let a be ((-20)/y)/((-1)/15). Let j(h) = 16*h - 2. Let b be j(2). What is the greatest common divisor of b and a?
6
Let t = 0 - -6. Let o(m) = m + 2. Let k be o(t). What is the greatest common divisor of k and 8?
8
Suppose 3*o - 6*o + 108 = 0. Suppose 0 = 4*d - 8*d + 36. What is the greatest common divisor of d and o?
9
Let j(p) = -p**2 - 3*p + 4. Let f be j(-5). Let h be (-48)/(-10)*(-100)/f. What is the highest common factor of h and 10?
10
Let v(i) = i**2 + 2*i - 2. Let l be v(-4). Let w(n) = n**3 + 4*n**2 - n - 2. Let f be w(-4). Let p = l - f. Calculate the highest common divisor of p and 4.
4
Let i be 1596/112 - (-1)/8*-2. What is the highest common factor of 112 and i?
14
Let u(b) = b**3 - b**2 - b + 23. Let v(f) = f**3 - 6*f**2 - 6*f - 7. Let a be v(7). Let j be u(a). What is the greatest common factor of 46 and j?
23
Let i be (0 + -3)*(-2 + 0). Let a = -12 + 18. Let y = a + 3. Calculate the greatest common factor of i and y.
3
Suppose 0*z - z = 2*a, 4*a = 2*z + 16. Let u be (1/2)/(1/a). What is the highest common factor of u and 9?
1
Let y(d) = d**2 + d - 12. Let b be y(-12). What is the highest common factor of 30 and b?
30
Suppose 0 = 2*j + j - 39. Calculate the highest common divisor of j and 39.
13
Let u = -5 + 8. Suppose 4*x + u*l - 175 = 0, -5*x + 0*l + 195 = -l. What is the highest common factor of x and 16?
8
Let u be 0 + (4 - 4 - -12). Calculate the greatest common divisor of u and 18.
6
Let o = -15 - -19. Calculate the highest common divisor of o and 20.
4
Let q(s) = -s**3 - 8*s**2 - 5*s - 9. Let z be q(-8). What is the greatest common factor of z and 341?
31
Let m be 38 - (-4 - -2)*1. What is the greatest common factor of 8 and m?
8
Suppose 0 = -j - j + 2. Suppose -2*f = 10 + 14. Let l = j - f. Calculate the highest common factor of 13 and l.
13
Let d = 44 - 27. Calculate the greatest common factor of 34 and d.
17
Let a(w) = w**2 - 23*w + 40. Let q be a(22). Suppose v = 123 - 33. What is the greatest common divisor of q and v?
18
Suppose 0 = -k + 8 + 3. Let l be 32/(-24) + 338/6. What is the greatest common factor of l and k?
11
Let n(p) = 2*p**2 + p. Let b be n(1). Suppose 2*j - 605 = -b*j. What is the highest common divisor of 11 and j?
11
Let w be 4*1 + (-1 - -3). What is the highest common divisor of 42 and w?
6
Suppose u - 601 = -5*t, -2*t = t - u - 359. Suppose 4*g + t - 336 = 0. What is the greatest common factor of g and 6?
6
Suppose b - 7 + 50 = 5*z, -4*z - 5*b = -17. Let w